List the prime factors of 1876783940.
2, 5, 89, 1054373
What are the prime factors of 541059870?
2, 3, 5, 13, 307, 4519
List the prime factors of 203157192.
2, 3, 7, 1209269
What are the prime factors of 1877250646?
2, 938625323
What are the prime factors of 870428546?
2, 13, 1553, 21557
List the prime factors of 91862540.
2, 5, 7, 11, 59651
What are the prime factors of 619649123?
619649123
What are the prime factors of 88350833?
88350833
List the prime factors of 243515006.
2, 7, 73, 34039
List the prime factors of 1346640386.
2, 7, 13, 23, 71, 197
List the prime factors of 97001789.
163, 397, 1499
List the prime factors of 3965737182.
2, 3, 11, 29, 37, 1931
List the prime factors of 733493234.
2, 366746617
List the prime factors of 827616293.
7, 10289, 11491
What are the prime factors of 1147501528?
2, 3907, 36713
List the prime factors of 83851378.
2, 13, 17, 14593
List the prime factors of 97468310.
2, 5, 17, 573343
What are the prime factors of 42154499?
42154499
List the prime factors of 3231225214.
2, 7, 67, 3444803
List the prime factors of 2537779361.
13, 503, 388099
What are the prime factors of 2315165?
5, 463033
What are the prime factors of 100267555?
5, 691, 29021
List the prime factors of 160761590.
2, 5, 11, 89, 16421
What are the prime factors of 10232375?
5, 109, 751
What are the prime factors of 48899487?
3, 7, 13, 179119
List the prime factors of 304645877.
71, 1621, 2647
List the prime factors of 245175370.
2, 5, 11, 2228867
List the prime factors of 1329565046.
2, 47, 967, 14627
List the prime factors of 25082427.
3, 8360809
List the prime factors of 7589667969.
3, 13, 17, 31, 123091
List the prime factors of 754046999.
431, 1749529
List the prime factors of 183368370.
2, 3, 5, 6112279
List the prime factors of 907642471.
907642471
What are the prime factors of 310674076?
2, 77668519
What are the prime factors of 230240881?
13, 17710837
List the prime factors of 540522348.
2, 3, 45043529
What are the prime factors of 1504030068?
2, 3, 2161, 19333
List the prime factors of 3204951452.
2, 17, 4451, 10589
What are the prime factors of 1749357184?
2, 23, 594211
List the prime factors of 52042717.
52042717
List the prime factors of 303402733.
67, 4528399
List the prime factors of 532893613.
7, 139, 547681
What are the prime factors of 481980061?
1423, 338707
List the prime factors of 568330602.
2, 3, 7, 41, 330041
What are the prime factors of 461414808?
2, 3, 431, 14869
List the prime factors of 96952392.
2, 3, 193, 6977
What are the prime factors of 2288664873?
3, 11, 23117827
List the prime factors of 12221564.
2, 31, 98561
What are the prime factors of 255679336?
2, 11, 2905447
List the prime factors of 34688472.
2, 3, 7, 13, 2269
What are the prime factors of 75562223?
11, 43, 107, 1493
List the prime factors of 2983118.
2, 211, 7069
List the prime factors of 3399710713.
7, 485672959
What are the prime factors of 113846369?
7, 13, 83, 15073
What are the prime factors of 1680811960?
2, 5, 263, 159773
What are the prime factors of 3230468298?
2, 3, 37, 1616851
List the prime factors of 578128482.
2, 3, 47, 227789
List the prime factors of 16798892.
2, 11, 381793
List the prime factors of 2673925323.
3, 891308441
List the prime factors of 401844481.
79, 199, 25561
List the prime factors of 15611911.
7, 593, 3761
What are the prime factors of 1830707067?
3, 7, 17, 73, 199, 353
List the prime factors of 40213772.
2, 17, 43, 809
List the prime factors of 564795324.
2, 3, 31, 389, 1301
What are the prime factors of 7247058?
2, 3, 7, 13, 1021
List the prime factors of 34740374.
2, 17370187
List the prime factors of 48170573.
11, 4379143
What are the prime factors of 7659854024?
2, 271, 1499, 2357
What are the prime factors of 22065335?
5, 31, 142357
What are the prime factors of 1264892838?
2, 3, 11, 241, 281, 283
What are the prime factors of 20744860?
2, 5, 29, 47, 761
List the prime factors of 559723934.
2, 7, 11, 3634571
What are the prime factors of 87286517?
17, 43, 97, 1231
What are the prime factors of 7065760621?
97, 72842893
List the prime factors of 469703776.
2, 1979, 7417
What are the prime factors of 82670370?
2, 3, 5, 1021, 2699
What are the prime factors of 117824426?
2, 58912213
What are the prime factors of 69411289?
17, 251, 16267
List the prime factors of 124900648.
2, 53, 271, 1087
What are the prime factors of 11492388?
2, 3, 106411
What are the prime factors of 53847033?
3, 653, 27487
What are the prime factors of 508165587?
3, 67, 842729
List the prime factors of 994442169.
3, 7, 47354389
List the prime factors of 174899809.
7, 41, 609407
List the prime factors of 267613738.
2, 7, 1481, 12907
What are the prime factors of 2101284326?
2, 8111, 129533
List the prime factors of 2841646962.
2, 3, 7, 11, 317, 19403
What are the prime factors of 571221701?
131, 181, 24091
List the prime factors of 80460884.
2, 7, 641, 4483
List the prime factors of 45825018.
2, 3, 37, 206419
What are the prime factors of 796688942?
2, 7, 8129479
List the prime factors of 1167867221.
1093, 1068497
List the prime factors of 445912449.
3, 149, 179, 5573
List the prime factors of 6064196978.
2, 7, 19, 601, 5419
List the prime factors of 3068574551.
7, 113, 3879361
List the prime factors of 85545986.
2, 163, 262411
What are the prime factors of 1173860507?
2551, 460157
What are the prime factors of 556435064?
2, 19, 29, 126233
List the prime factors of 3994140655.
5, 798828131
List the prime factors of 468974997.
3, 1801, 28933
List the prime factors of 1335970550.
2, 5, 29, 31771
What are the prime factors of 9465630?
2, 3, 5, 315521
What are the prime factors of 195548500?
2, 5, 7, 55871
List the prime factors of 16393725.
3, 5, 149, 163
List the prime factors of 147408076.
2, 36852019
List the prime factors of 144279514.
2, 503, 143419
List the prime factors of 23870284.
2, 5967571
What are the prime factors of 149751314?
2, 7789, 9613
What are the prime factors of 976678202?
2, 937, 521173
List the prime factors of 98367964.
2, 23, 1069217
List the prime factors of 58420853.
58420853
What are the prime factors of 5878807539?
3, 11, 178145683
What are the prime factors of 13164443?
17, 167, 4637
List the prime factors of 39090484.
2, 137, 71333
What are the prime factors of 183656059?
31, 149, 39761
List the prime factors of 214974796.
2, 29, 1853231
List the prime factors of 1624242809.
7, 1723, 134669
List the prime factors of 21523452.
2, 3, 29, 127, 487
What are the prime factors of 977625633?
3, 103, 3163837
What are the prime factors of 1378413934?
2, 43, 601, 26669
List the prime factors of 61370071.
7, 41, 213833
What are the prime factors of 1465249059?
3, 162805451
What are the prime factors of 1743320220?
2, 3, 5, 61, 476317
List the prime factors of 1281211160.
2, 5, 32030279
List the prime factors of 355491261.
3, 1462927
What are the prime factors of 110121399?
3, 12235711
What are the prime factors of 559802351?
559802351
List the prime factors of 340100209.
19, 197, 90863
What are the prime factors of 7750732711?
1759, 4406329
List the prime factors of 34384076.
2, 41, 209659
What are the prime factors of 86324359?
11, 23, 341203
What are the prime factors of 55832400?
2, 3, 5, 13, 1193
List the prime factors of 2272033337.
7, 324576191
List the prime factors of 300391727.
300391727
List the prime factors of 373724065.
5, 11, 13, 31, 1297
List the prime factors of 209498746.
2, 337, 310829
List the prime factors of 72588716.
2, 563, 32233
List the prime factors of 38461856.
2, 139, 8647
List the prime factors of 2042302418.
2, 13, 78550093
List the prime factors of 496939186.
2, 19, 29, 450943
What are the prime factors of 7572075838?
2, 47161, 80279
What are the prime factors of 54552079?
43, 139, 9127
List the prime factors of 222686135.
5, 7, 73, 12451
What are the prime factors of 539909197?
41, 863, 15259
List the prime factors of 1995339757.
1995339757
What are the prime factors of 131276319?
3, 43758773
List the prime factors of 7781373.
3, 288199
List the prime factors of 112690511.
83, 1357717
List the prime factors of 1158507517.
17, 68147501
What are the prime factors of 3164248311?
3, 7, 137, 1099843
What are the prime factors of 316846569?
3, 13, 1657, 4903
What are the prime factors of 142054225